{"id":1680,"date":"2025-06-09T15:10:34","date_gmt":"2025-06-09T15:10:34","guid":{"rendered":"https:\/\/ipsa-consorcio.com\/?page_id=1680"},"modified":"2025-07-03T15:22:55","modified_gmt":"2025-07-03T15:22:55","slug":"bolsa-de-trabajo","status":"publish","type":"page","link":"https:\/\/ipsa-consorcio.com\/index.php\/bolsa-de-trabajo\/","title":{"rendered":"Bolsa de Trabajo"},"content":{"rendered":"\t\t<div data-elementor-type=\"wp-page\" data-elementor-id=\"1680\" class=\"elementor elementor-1680\" data-elementor-post-type=\"page\">\n\t\t\t\t<div class=\"elementor-element elementor-element-78559b1 e-flex e-con-boxed e-con e-parent\" data-id=\"78559b1\" data-element_type=\"container\">\n\t\t\t\t\t<div class=\"e-con-inner\">\n\t\t\t\t<div class=\"elementor-element elementor-element-96ea6aa elementor--h-position-center elementor--v-position-middle elementor-arrows-position-inside elementor-pagination-position-inside elementor-widget elementor-widget-slides\" data-id=\"96ea6aa\" data-element_type=\"widget\" data-settings=\"{&quot;navigation&quot;:&quot;both&quot;,&quot;autoplay&quot;:&quot;yes&quot;,&quot;pause_on_hover&quot;:&quot;yes&quot;,&quot;pause_on_interaction&quot;:&quot;yes&quot;,&quot;autoplay_speed&quot;:5000,&quot;infinite&quot;:&quot;yes&quot;,&quot;transition&quot;:&quot;slide&quot;,&quot;transition_speed&quot;:500}\" data-widget_type=\"slides.default\">\n\t\t\t\t<div class=\"elementor-widget-container\">\n\t\t\t\t\t\t\t\t\t<div class=\"elementor-swiper\">\n\t\t\t\t\t<div class=\"elementor-slides-wrapper elementor-main-swiper swiper\" role=\"region\" aria-roledescription=\"carousel\" aria-label=\"Diapositivas\" dir=\"ltr\" data-animation=\"fadeInUp\">\n\t\t\t\t<div class=\"swiper-wrapper elementor-slides\">\n\t\t\t\t\t\t\t\t\t\t<div class=\"elementor-repeater-item-40b5375 swiper-slide\" role=\"group\" aria-roledescription=\"slide\"><div class=\"swiper-slide-bg\" role=\"img\"><\/div><div class=\"swiper-slide-inner\" ><div class=\"swiper-slide-contents\"><div class=\"elementor-slide-heading\">Bolsa de Trabajo<\/div><div class=\"elementor-slide-description\">En IPSA Consorcio, el talento es nuestro mayor activo. Conoce nuestras oportunidades laborales y construye tu futuro con nosotros.\n\n<\/div><\/div><\/div><\/div>\t\t\t\t<\/div>\n\t\t\t\t\t\t\t<\/div>\n\t\t\t\t<\/div>\n\t\t\t\t\t\t\t\t<\/div>\n\t\t\t\t<\/div>\n\t\t\t\t<div class=\"elementor-element elementor-element-d3219c7 elementor-widget elementor-widget-spacer\" data-id=\"d3219c7\" data-element_type=\"widget\" data-widget_type=\"spacer.default\">\n\t\t\t\t<div class=\"elementor-widget-container\">\n\t\t\t\t\t\t\t<div class=\"elementor-spacer\">\n\t\t\t<div class=\"elementor-spacer-inner\"><\/div>\n\t\t<\/div>\n\t\t\t\t\t\t<\/div>\n\t\t\t\t<\/div>\n\t\t\t\t\t<\/div>\n\t\t\t\t<\/div>\n\t\t<div class=\"elementor-element elementor-element-dd24a4b e-flex e-con-boxed e-con e-parent\" data-id=\"dd24a4b\" data-element_type=\"container\">\n\t\t\t\t\t<div class=\"e-con-inner\">\n\t\t<div class=\"elementor-element elementor-element-05f50f0 e-con-full e-flex e-con e-child\" data-id=\"05f50f0\" data-element_type=\"container\">\n\t\t\t\t<div class=\"elementor-element elementor-element-38cc2ab elementor-widget elementor-widget-image\" data-id=\"38cc2ab\" data-element_type=\"widget\" data-widget_type=\"image.default\">\n\t\t\t\t<div class=\"elementor-widget-container\">\n\t\t\t\t\t\t\t\t\t\t\t\t\t\t\t<img decoding=\"async\" src=\"https:\/\/ipsa-consorcio.com\/wp-content\/uploads\/elementor\/thumbs\/Diseno-sin-titulo-26-e1749482876521-r726sz7h5r7y5jnaxb1vjbkd1bjn6dox94efnwwvc0.jpg\" title=\"Dise\u00f1o sin t\u00edtulo (26)\" alt=\"Dise\u00f1o sin t\u00edtulo (26)\" loading=\"lazy\" \/>\t\t\t\t\t\t\t\t\t\t\t\t\t\t\t<\/div>\n\t\t\t\t<\/div>\n\t\t\t\t<\/div>\n\t\t<div class=\"elementor-element elementor-element-e957566 e-con-full e-flex e-con e-child\" data-id=\"e957566\" data-element_type=\"container\">\n\t\t\t\t<div class=\"elementor-element elementor-element-f3bc502 elementor-widget elementor-widget-image-box\" data-id=\"f3bc502\" data-element_type=\"widget\" data-widget_type=\"image-box.default\">\n\t\t\t\t<div class=\"elementor-widget-container\">\n\t\t\t\t\t<div class=\"elementor-image-box-wrapper\"><div class=\"elementor-image-box-content\"><h3 class=\"elementor-image-box-title\">\u00danete a IPSA CONSORCIO<\/h3><p class=\"elementor-image-box-description\">En IPSA Consorcio, creemos que el talento humano es el motor que impulsa nuestro crecimiento y excelencia. Somos una empresa comprometida con la innovaci\u00f3n, la responsabilidad y el desarrollo sostenible, y buscamos personas apasionadas, proactivas y con visi\u00f3n de futuro que quieran formar parte de nuestros proyectos.<br><br>\n\nA trav\u00e9s de nuestra bolsa de trabajo, te invitamos a explorar las oportunidades laborales que tenemos disponibles en distintas \u00e1reas. Ya sea que est\u00e9s dando tus primeros pasos profesionales o cuentes con amplia experiencia, en IPSA Consorcio encontrar\u00e1s un entorno din\u00e1mico, colaborativo y enfocado en el desarrollo continuo.<br><br>\n\n\u00a1Post\u00falate y s\u00e9 parte de una organizaci\u00f3n que construye el futuro con talento, compromiso y liderazgo!<\/p><\/div><\/div>\t\t\t\t<\/div>\n\t\t\t\t<\/div>\n\t\t\t\t<\/div>\n\t\t\t\t\t<\/div>\n\t\t\t\t<\/div>\n\t\t<div class=\"elementor-element elementor-element-5201806 e-flex e-con-boxed e-con e-parent\" data-id=\"5201806\" data-element_type=\"container\">\n\t\t\t\t\t<div class=\"e-con-inner\">\n\t\t\t\t<div class=\"elementor-element elementor-element-8afded9 elementor-widget elementor-widget-spacer\" data-id=\"8afded9\" data-element_type=\"widget\" data-widget_type=\"spacer.default\">\n\t\t\t\t<div class=\"elementor-widget-container\">\n\t\t\t\t\t\t\t<div class=\"elementor-spacer\">\n\t\t\t<div class=\"elementor-spacer-inner\"><\/div>\n\t\t<\/div>\n\t\t\t\t\t\t<\/div>\n\t\t\t\t<\/div>\n\t\t\t\t<div class=\"elementor-element elementor-element-b8b896e elementor-widget elementor-widget-heading\" data-id=\"b8b896e\" data-element_type=\"widget\" data-widget_type=\"heading.default\">\n\t\t\t\t<div class=\"elementor-widget-container\">\n\t\t\t\t\t<h2 class=\"elementor-heading-title elementor-size-default\">Vacantes<\/h2>\t\t\t\t<\/div>\n\t\t\t\t<\/div>\n\t\t\t\t\t<\/div>\n\t\t\t\t<\/div>\n\t\t<div class=\"elementor-element elementor-element-77d5d58 e-con-full e-flex e-con e-parent\" data-id=\"77d5d58\" data-element_type=\"container\">\n\t\t<div class=\"elementor-element elementor-element-ef80e77 e-con-full e-flex e-con e-child\" data-id=\"ef80e77\" data-element_type=\"container\">\n\t\t\t\t<div class=\"elementor-element elementor-element-ebba089 elementor-widget elementor-widget-spacer\" data-id=\"ebba089\" data-element_type=\"widget\" data-widget_type=\"spacer.default\">\n\t\t\t\t<div class=\"elementor-widget-container\">\n\t\t\t\t\t\t\t<div class=\"elementor-spacer\">\n\t\t\t<div class=\"elementor-spacer-inner\"><\/div>\n\t\t<\/div>\n\t\t\t\t\t\t<\/div>\n\t\t\t\t<\/div>\n\t\t\t\t<div class=\"elementor-element elementor-element-1955886 elementor-widget__width-initial elementor-position-top elementor-widget elementor-widget-image-box\" data-id=\"1955886\" data-element_type=\"widget\" data-widget_type=\"image-box.default\">\n\t\t\t\t<div class=\"elementor-widget-container\">\n\t\t\t\t\t<div class=\"elementor-image-box-wrapper\"><figure class=\"elementor-image-box-img\"><img decoding=\"async\" src=\"https:\/\/ipsa-consorcio.com\/wp-content\/uploads\/elementor\/thumbs\/Diseno-sin-titulo-27-e1749485500974-r728pho1qqk2p5rj0lkcfz6l3ddmzw5nwuf76v8bs0.jpg\" title=\"Dise\u00f1o sin t\u00edtulo (27)\" alt=\"Dise\u00f1o sin t\u00edtulo (27)\" class=\"elementor-animation-grow\" loading=\"lazy\" \/><\/figure><div class=\"elementor-image-box-content\"><h3 class=\"elementor-image-box-title\">Asistente Administrativo Capturista.<\/h3><p class=\"elementor-image-box-description\"><br>\n<b>Ubicaci\u00f3n:<\/b> <br>Azcapotzalco \/ Nueva Santa Mar\u00eda<br><br>\n<b>Horario:<\/b> <br>Lunes a Viernes, de 08:00 a 18:00 hrs.<br><br>\n<b>Modalidad:<\/b> <br>100% presencial<br>\n<br>\n<b>Descripci\u00f3n del puesto:<br><\/b>\nEstamos buscando una persona organizada, proactiva y con buena actitud para unirse a nuestro <br>equipo como Asistente Administrativo Capturista. <br>Ser\u00e1 responsable de apoyar en la captura de<br> informaci\u00f3n, organizaci\u00f3n de documentos y tareas administrativas generales.<br><br>\n\n<b>Funciones principales:<br><\/b>\nCaptura de informes de resultados<br>\nOrganizaci\u00f3n y archivo f\u00edsico y digital de documentos<br>\nApoyo en tareas administrativas del d\u00eda a d\u00eda<br>\nSeguimiento b\u00e1sico de correos y documentaci\u00f3n<br>\n<br><br>\n<b>Requisitos:<\/b><br><b>\n<\/b>Educaci\u00f3n media superior -Bachillerato<br>\nExperiencia m\u00ednima de 6 meses a 1 a\u00f1o en puesto similar (pueden ser pr\u00e1cticas)<br>\nManejo b\u00e1sico de Excel y Word<br>\nBuena ortograf\u00eda y atenci\u00f3n al detalle<br>\nPuntualidad, responsabilidad y disposici\u00f3n para aprender<br>\nDisponibilidad de horario\n<br><br>\n<b>Ofrecemos:<br><\/b>\nSueldo $9,000.00 neto<br>\nBuen ambiente de trabajo<br>\nEstabilidad laboral<br>\nCrecimiento a mediano plazo<br>\nPrestaciones de ley<br>\n<br><br>\n\ud83d\udce9 <b>Interesados enviar CV actualizado al correo ipsa.consorcio@gmail.com con el asunto \u201cAsistente Administrativo \u2013 [Nombre del candidato]\u201d .\n<\/b><\/p><\/div><\/div>\t\t\t\t<\/div>\n\t\t\t\t<\/div>\n\t\t\t\t<\/div>\n\t\t\t\t<div class=\"elementor-element elementor-element-89f0456 elementor-widget elementor-widget-heading\" data-id=\"89f0456\" data-element_type=\"widget\" data-widget_type=\"heading.default\">\n\t\t\t\t<div class=\"elementor-widget-container\">\n\t\t\t\t\t<h2 class=\"elementor-heading-title elementor-size-default\">Postulaci\u00f3n<\/h2>\t\t\t\t<\/div>\n\t\t\t\t<\/div>\n\t\t\t\t<\/div>\n\t\t<div class=\"elementor-element elementor-element-5daa5b5 e-flex e-con-boxed e-con e-parent\" data-id=\"5daa5b5\" data-element_type=\"container\">\n\t\t\t\t\t<div class=\"e-con-inner\">\n\t\t\t\t<div class=\"elementor-element elementor-element-0f3387f elementor-button-align-center elementor-widget elementor-widget-form\" data-id=\"0f3387f\" data-element_type=\"widget\" data-settings=\"{&quot;step_next_label&quot;:&quot;Siguiente&quot;,&quot;step_previous_label&quot;:&quot;Anterior&quot;,&quot;button_width&quot;:&quot;100&quot;,&quot;step_type&quot;:&quot;number_text&quot;,&quot;step_icon_shape&quot;:&quot;circle&quot;}\" data-widget_type=\"form.default\">\n\t\t\t\t<div class=\"elementor-widget-container\">\n\t\t\t\t\t\t\t<form class=\"elementor-form\" method=\"post\" name=\"Nuevo formulario\">\n\t\t\t<input type=\"hidden\" name=\"post_id\" value=\"1680\"\/>\n\t\t\t<input type=\"hidden\" name=\"form_id\" value=\"0f3387f\"\/>\n\t\t\t<input type=\"hidden\" name=\"referer_title\" value=\"\" \/>\n\n\t\t\t\n\t\t\t<div class=\"elementor-form-fields-wrapper elementor-labels-above\">\n\t\t\t\t\t\t\t\t<div class=\"elementor-field-type-text elementor-field-group elementor-column elementor-field-group-name elementor-col-100 elementor-field-required elementor-mark-required\">\n\t\t\t\t\t\t\t\t\t\t\t\t<label for=\"form-field-name\" class=\"elementor-field-label\">\n\t\t\t\t\t\t\t\tNombre Completo\t\t\t\t\t\t\t<\/label>\n\t\t\t\t\t\t\t\t\t\t\t\t\t\t<input size=\"1\" type=\"text\" name=\"form_fields[name]\" id=\"form-field-name\" class=\"elementor-field elementor-size-sm  elementor-field-textual\" required=\"required\">\n\t\t\t\t\t\t\t\t\t\t\t<\/div>\n\t\t\t\t\t\t\t\t<div class=\"elementor-field-type-email elementor-field-group elementor-column elementor-field-group-field_715b8ba elementor-col-100 elementor-field-required elementor-mark-required\">\n\t\t\t\t\t\t\t\t\t\t\t\t<label for=\"form-field-field_715b8ba\" class=\"elementor-field-label\">\n\t\t\t\t\t\t\t\tCorreo electr\u00f3nico\t\t\t\t\t\t\t<\/label>\n\t\t\t\t\t\t\t\t\t\t\t\t\t\t<input size=\"1\" type=\"email\" name=\"form_fields[field_715b8ba]\" id=\"form-field-field_715b8ba\" class=\"elementor-field elementor-size-sm  elementor-field-textual\" required=\"required\">\n\t\t\t\t\t\t\t\t\t\t\t<\/div>\n\t\t\t\t\t\t\t\t<div class=\"elementor-field-type-select elementor-field-group elementor-column elementor-field-group-field_8e946f4 elementor-col-100 elementor-field-required elementor-mark-required\">\n\t\t\t\t\t\t\t\t\t\t\t\t<label for=\"form-field-field_8e946f4\" class=\"elementor-field-label\">\n\t\t\t\t\t\t\t\tVacante\t\t\t\t\t\t\t<\/label>\n\t\t\t\t\t\t\t\t<div class=\"elementor-field elementor-select-wrapper remove-before \">\n\t\t\t<div class=\"select-caret-down-wrapper\">\n\t\t\t\t<svg aria-hidden=\"true\" class=\"e-font-icon-svg e-eicon-caret-down\" viewBox=\"0 0 571.4 571.4\" xmlns=\"http:\/\/www.w3.org\/2000\/svg\"><path d=\"M571 393Q571 407 561 418L311 668Q300 679 286 679T261 668L11 418Q0 407 0 393T11 368 36 357H536Q550 357 561 368T571 393Z\"><\/path><\/svg>\t\t\t<\/div>\n\t\t\t<select name=\"form_fields[field_8e946f4]\" id=\"form-field-field_8e946f4\" class=\"elementor-field-textual elementor-size-sm\" required=\"required\">\n\t\t\t\t\t\t\t\t\t<option value=\"Asistente Administrativo Capturista\">Asistente Administrativo Capturista<\/option>\n\t\t\t\t\t\t\t<\/select>\n\t\t<\/div>\n\t\t\t\t\t\t<\/div>\n\t\t\t\t\t\t\t\t<div class=\"elementor-field-type-upload elementor-field-group elementor-column elementor-field-group-field_dcaeca4 elementor-col-100 elementor-field-required elementor-mark-required\">\n\t\t\t\t\t\t\t\t\t\t\t\t<label for=\"form-field-field_dcaeca4\" class=\"elementor-field-label\">\n\t\t\t\t\t\t\t\tCurriculum (pdf o jpg)\t\t\t\t\t\t\t<\/label>\n\t\t\t\t\t\t\t\t<input type=\"file\" name=\"form_fields[field_dcaeca4]\" id=\"form-field-field_dcaeca4\" class=\"elementor-field elementor-size-sm  elementor-upload-field\" required=\"required\" data-maxsize=\"10\" data-maxsize-message=\"Este archivo excede el tama\u00f1o m\u00e1ximo permitido.\">\n\n\t\t\t\t\t\t<\/div>\n\t\t\t\t\t\t\t\t<div class=\"elementor-field-type-upload elementor-field-group elementor-column elementor-field-group-message elementor-col-100\">\n\t\t\t\t\t\t\t\t\t\t\t\t<label for=\"form-field-message\" class=\"elementor-field-label\">\n\t\t\t\t\t\t\t\tCarta de Presentaci\u00f3n (pdf o jpg)\t\t\t\t\t\t\t<\/label>\n\t\t\t\t\t\t\t\t<input type=\"file\" name=\"form_fields[message]\" id=\"form-field-message\" class=\"elementor-field elementor-size-sm  elementor-upload-field\" data-maxsize=\"10\" data-maxsize-message=\"Este archivo excede el tama\u00f1o m\u00e1ximo permitido.\">\n\n\t\t\t\t\t\t<\/div>\n\t\t\t\t\t\t\t\t<div class=\"elementor-field-group elementor-column elementor-field-type-submit elementor-col-100 e-form__buttons\">\n\t\t\t\t\t<button class=\"elementor-button elementor-size-sm\" type=\"submit\">\n\t\t\t\t\t\t<span class=\"elementor-button-content-wrapper\">\n\t\t\t\t\t\t\t\t\t\t\t\t\t\t\t\t\t\t\t\t\t\t<span class=\"elementor-button-text\">Enviar<\/span>\n\t\t\t\t\t\t\t\t\t\t\t\t\t<\/span>\n\t\t\t\t\t<\/button>\n\t\t\t\t<\/div>\n\t\t\t<\/div>\n\t\t<\/form>\n\t\t\t\t\t\t<\/div>\n\t\t\t\t<\/div>\n\t\t\t\t\t<\/div>\n\t\t\t\t<\/div>\n\t\t\t\t<\/div>\n\t\t","protected":false},"excerpt":{"rendered":"<p>Bolsa de TrabajoEn IPSA Consorcio, el talento es nuestro mayor activo. Conoce nuestras oportunidades laborales y construye tu futuro con nosotros. \u00danete a IPSA CONSORCIO En IPSA Consorcio, creemos que el talento humano es el motor que impulsa nuestro crecimiento y excelencia. Somos una empresa comprometida con la innovaci\u00f3n, la responsabilidad y el desarrollo sostenible, &#8230; <a title=\"Bolsa de Trabajo\" class=\"read-more\" href=\"https:\/\/ipsa-consorcio.com\/index.php\/bolsa-de-trabajo\/\" aria-label=\"Leer m\u00e1s sobre Bolsa de Trabajo\">Leer m\u00e1s<\/a><\/p>\n","protected":false},"author":1,"featured_media":0,"parent":0,"menu_order":0,"comment_status":"closed","ping_status":"closed","template":"","meta":{"footnotes":""},"class_list":["post-1680","page","type-page","status-publish"],"_links":{"self":[{"href":"https:\/\/ipsa-consorcio.com\/index.php\/wp-json\/wp\/v2\/pages\/1680","targetHints":{"allow":["GET"]}}],"collection":[{"href":"https:\/\/ipsa-consorcio.com\/index.php\/wp-json\/wp\/v2\/pages"}],"about":[{"href":"https:\/\/ipsa-consorcio.com\/index.php\/wp-json\/wp\/v2\/types\/page"}],"author":[{"embeddable":true,"href":"https:\/\/ipsa-consorcio.com\/index.php\/wp-json\/wp\/v2\/users\/1"}],"replies":[{"embeddable":true,"href":"https:\/\/ipsa-consorcio.com\/index.php\/wp-json\/wp\/v2\/comments?post=1680"}],"version-history":[{"count":128,"href":"https:\/\/ipsa-consorcio.com\/index.php\/wp-json\/wp\/v2\/pages\/1680\/revisions"}],"predecessor-version":[{"id":2372,"href":"https:\/\/ipsa-consorcio.com\/index.php\/wp-json\/wp\/v2\/pages\/1680\/revisions\/2372"}],"wp:attachment":[{"href":"https:\/\/ipsa-consorcio.com\/index.php\/wp-json\/wp\/v2\/media?parent=1680"}],"curies":[{"name":"wp","href":"https:\/\/api.w.org\/{rel}","templated":true}]}}